{"id":13,"date":"2021-08-02T21:17:05","date_gmt":"2021-08-03T00:17:05","guid":{"rendered":"https:\/\/cdvr.com.br\/matsuri\/?page_id=13"},"modified":"2025-04-03T00:31:21","modified_gmt":"2025-04-03T03:31:21","slug":"sobre-nos","status":"publish","type":"page","link":"https:\/\/cdvr.com.br\/matsuri\/sobre-nos\/","title":{"rendered":"Sobre n\u00f3s"},"content":{"rendered":"\r\n<p>&nbsp;<\/p>\r\n\r\n\r\n<p class=\"\" data-start=\"149\" data-end=\"168\"><strong data-start=\"149\" data-end=\"168\">Sobre a MATSURI<\/strong><\/p>\r\n<p class=\"\" data-start=\"170\" data-end=\"693\">Com mais de 20 anos de atua\u00e7\u00e3o no mercado, a <strong data-start=\"215\" data-end=\"226\">MATSURI<\/strong> \u00e9 uma empresa s\u00f3lida e inovadora, reconhecida pela qualidade de seus produtos. Em 2018, com o objetivo de expandir nossa atua\u00e7\u00e3o e diversificar nosso portf\u00f3lio, criamos a <strong data-start=\"398\" data-end=\"415\">marca NORTHEN<\/strong>. Essa transi\u00e7\u00e3o de branding foi essencial, uma vez que a marca Matsuri estava intimamente associada a uma linha espec\u00edfica de produtos. Com <strong data-start=\"556\" data-end=\"567\">NORTHEN<\/strong>, ampliamos nossos horizontes, oferecendo solu\u00e7\u00f5es de alta resist\u00eancia e acabamento superior, sempre com o foco na excel\u00eancia.<\/p>\r\n<p class=\"\" data-start=\"695\" data-end=\"1076\">A <strong data-start=\"697\" data-end=\"714\">marca NORTHEN<\/strong> reflete nosso compromisso com a inova\u00e7\u00e3o e a qualidade, com um investimento significativo no desenvolvimento de produtos de \u00faltima gera\u00e7\u00e3o. Nossa unidade fabril, localizada na cidade de <strong data-start=\"901\" data-end=\"918\">Xiamen, China<\/strong>, \u00e9 o epicentro da nossa produ\u00e7\u00e3o, onde aplicamos as mais avan\u00e7adas tecnologias para garantir que nossos produtos atendam aos mais altos padr\u00f5es de qualidade.<\/p>\r\n<hr class=\"\" data-start=\"1078\" data-end=\"1081\" \/>\r\n<p class=\"\" data-start=\"1083\" data-end=\"1117\"><strong data-start=\"1083\" data-end=\"1117\">Qualidade dos Nossos Produtos<\/strong><\/p>\r\n<p class=\"\" data-start=\"1119\" data-end=\"1438\">Na <strong data-start=\"1122\" data-end=\"1133\">NORTHEN<\/strong>, a qualidade n\u00e3o \u00e9 apenas uma prioridade, \u00e9 parte fundamental de nossa identidade. Nosso compromisso com a excel\u00eancia \u00e9 o que nos move e define nossos processos, recursos e procedimentos, assegurando que cada produto que chega ao mercado seja sin\u00f4nimo de durabilidade, resist\u00eancia e acabamento impec\u00e1vel.<\/p>\r\n<hr class=\"\" data-start=\"1440\" data-end=\"1443\" \/>\r\n<p class=\"\" data-start=\"1445\" data-end=\"1492\"><strong data-start=\"1445\" data-end=\"1492\">Otimiza\u00e7\u00e3o no Tempo de Entrega dos Produtos<\/strong><\/p>\r\n<p class=\"\" data-start=\"1494\" data-end=\"1863\">A efici\u00eancia \u00e9 um dos pilares da nossa opera\u00e7\u00e3o. Com um centro de distribui\u00e7\u00e3o de <strong data-start=\"1576\" data-end=\"1588\">3.750 m\u00b2<\/strong>, garantimos agilidade no fornecimento dos nossos produtos. Nossa log\u00edstica integrada, apoiada por ferramentas tecnol\u00f3gicas avan\u00e7adas, assegura que nossos estoques estejam sempre atualizados, permitindo um fornecimento cont\u00ednuo e pontual para nossos clientes em todo o mundo.<\/p>\r\n<hr class=\"\" data-start=\"1865\" data-end=\"1868\" \/>\r\n<p class=\"\" data-start=\"1870\" data-end=\"1894\"><strong data-start=\"1870\" data-end=\"1894\">Pol\u00edticas da Northen<\/strong><\/p>\r\n<p class=\"\" data-start=\"1896\" data-end=\"2286\">A <strong data-start=\"1898\" data-end=\"1909\">NORTHEN<\/strong> coloca o cliente no centro de sua opera\u00e7\u00e3o, buscando sempre atender \u00e0s necessidades de forma \u00e1gil, confi\u00e1vel e segura. A melhoria cont\u00ednua de nossos produtos e servi\u00e7os \u00e9 uma constante, alimentada pela inova\u00e7\u00e3o tecnol\u00f3gica e pela capacita\u00e7\u00e3o dos nossos colaboradores. Nosso compromisso com o meio ambiente \u00e9 fundamental, integrando pr\u00e1ticas sustent\u00e1veis em todos os processos.<\/p>\r\n<hr class=\"\" data-start=\"2288\" data-end=\"2291\" \/>\r\n<p class=\"\" data-start=\"2293\" data-end=\"2315\"><strong data-start=\"2293\" data-end=\"2315\">Pol\u00edtica de Vendas<\/strong><\/p>\r\n<ul data-start=\"2317\" data-end=\"2484\">\r\n\t<li class=\"\" data-start=\"2317\" data-end=\"2383\">\r\n<p class=\"\" data-start=\"2319\" data-end=\"2383\">Atendimento exclusivo em atacado, destinado a pessoas jur\u00eddicas.<\/p>\r\n<\/li>\r\n\t<li class=\"\" data-start=\"2384\" data-end=\"2434\">\r\n<p class=\"\" data-start=\"2386\" data-end=\"2434\">Primeira compra \u00e0 vista ou no cart\u00e3o de cr\u00e9dito.<\/p>\r\n<\/li>\r\n\t<li class=\"\" data-start=\"2435\" data-end=\"2484\">\r\n<p class=\"\" data-start=\"2437\" data-end=\"2484\">Boleto banc\u00e1rio (sujeito \u00e0 an\u00e1lise de cr\u00e9dito).<\/p>\r\n<\/li>\r\n<\/ul>\r\n\r\n\r\n<p class=\"has-black-color has-text-color has-medium-font-size\"><strong>Para maiores informa\u00e7\u00f5es, consulte:<\/strong><\/p>\r\n\r\n\r\n<p class=\"has-black-color has-text-color has-medium-font-size\"><strong>Telefone\/Whatsapp: <\/strong>(41) 3010-8444<strong><br \/>\r\nE-mail: <\/strong><a href=\"mailto:vendas@northen.com.br\">vendas@northen.com.br<\/a><\/p>\r\n\r\n\r\n<p>&nbsp;<\/p>\r\n","protected":false},"excerpt":{"rendered":"<p>&nbsp; Sobre a MATSURI Com mais de 20 anos de atua\u00e7\u00e3o no mercado, a MATSURI \u00e9 uma empresa s\u00f3lida e inovadora, reconhecida pela qualidade de seus produtos. Em 2018, com o objetivo de expandir nossa atua\u00e7\u00e3o e diversificar nosso portf\u00f3lio, criamos a marca NORTHEN. Essa transi\u00e7\u00e3o de branding foi essencial, uma vez que a marca [&hellip;]<\/p>\n","protected":false},"author":1,"featured_media":0,"parent":0,"menu_order":0,"comment_status":"closed","ping_status":"closed","template":"","meta":{"_joinchat":[],"footnotes":""},"class_list":["post-13","page","type-page","status-publish","hentry"],"yoast_head":"<!-- This site is optimized with the Yoast SEO plugin v27.5 - https:\/\/yoast.com\/product\/yoast-seo-wordpress\/ -->\n<title>Sobre n\u00f3s - Matsuri<\/title>\n<meta name=\"robots\" content=\"index, follow, max-snippet:-1, max-image-preview:large, max-video-preview:-1\" \/>\n<link rel=\"canonical\" href=\"https:\/\/cdvr.com.br\/matsuri\/sobre-nos\/\" \/>\n<meta property=\"og:locale\" content=\"pt_BR\" \/>\n<meta property=\"og:type\" content=\"article\" \/>\n<meta property=\"og:title\" content=\"Sobre n\u00f3s - Matsuri\" \/>\n<meta property=\"og:description\" content=\"&nbsp; Sobre a MATSURI Com mais de 20 anos de atua\u00e7\u00e3o no mercado, a MATSURI \u00e9 uma empresa s\u00f3lida e inovadora, reconhecida pela qualidade de seus produtos. Em 2018, com o objetivo de expandir nossa atua\u00e7\u00e3o e diversificar nosso portf\u00f3lio, criamos a marca NORTHEN. Essa transi\u00e7\u00e3o de branding foi essencial, uma vez que a marca [&hellip;]\" \/>\n<meta property=\"og:url\" content=\"https:\/\/cdvr.com.br\/matsuri\/sobre-nos\/\" \/>\n<meta property=\"og:site_name\" content=\"Matsuri\" \/>\n<meta property=\"article:publisher\" content=\"https:\/\/www.facebook.com\/matsuri.tecnologia\/\" \/>\n<meta property=\"article:modified_time\" content=\"2025-04-03T03:31:21+00:00\" \/>\n<meta name=\"twitter:card\" content=\"summary_large_image\" \/>\n<meta name=\"twitter:label1\" content=\"Est. tempo de leitura\" \/>\n\t<meta name=\"twitter:data1\" content=\"2 minutos\" \/>\n<script type=\"application\/ld+json\" class=\"yoast-schema-graph\">{\"@context\":\"https:\\\/\\\/schema.org\",\"@graph\":[{\"@type\":\"WebPage\",\"@id\":\"https:\\\/\\\/cdvr.com.br\\\/matsuri\\\/sobre-nos\\\/\",\"url\":\"https:\\\/\\\/cdvr.com.br\\\/matsuri\\\/sobre-nos\\\/\",\"name\":\"Sobre n\u00f3s - Matsuri\",\"isPartOf\":{\"@id\":\"https:\\\/\\\/cdvr.com.br\\\/matsuri\\\/#website\"},\"datePublished\":\"2021-08-03T00:17:05+00:00\",\"dateModified\":\"2025-04-03T03:31:21+00:00\",\"breadcrumb\":{\"@id\":\"https:\\\/\\\/cdvr.com.br\\\/matsuri\\\/sobre-nos\\\/#breadcrumb\"},\"inLanguage\":\"pt-BR\",\"potentialAction\":[{\"@type\":\"ReadAction\",\"target\":[\"https:\\\/\\\/cdvr.com.br\\\/matsuri\\\/sobre-nos\\\/\"]}]},{\"@type\":\"BreadcrumbList\",\"@id\":\"https:\\\/\\\/cdvr.com.br\\\/matsuri\\\/sobre-nos\\\/#breadcrumb\",\"itemListElement\":[{\"@type\":\"ListItem\",\"position\":1,\"name\":\"Home\",\"item\":\"https:\\\/\\\/cdvr.com.br\\\/matsuri\\\/\"},{\"@type\":\"ListItem\",\"position\":2,\"name\":\"Sobre n\u00f3s\"}]},{\"@type\":\"WebSite\",\"@id\":\"https:\\\/\\\/cdvr.com.br\\\/matsuri\\\/#website\",\"url\":\"https:\\\/\\\/cdvr.com.br\\\/matsuri\\\/\",\"name\":\"Matsuri\",\"description\":\"Tecnologia Japonesa\",\"publisher\":{\"@id\":\"https:\\\/\\\/cdvr.com.br\\\/matsuri\\\/#organization\"},\"potentialAction\":[{\"@type\":\"SearchAction\",\"target\":{\"@type\":\"EntryPoint\",\"urlTemplate\":\"https:\\\/\\\/cdvr.com.br\\\/matsuri\\\/?s={search_term_string}\"},\"query-input\":{\"@type\":\"PropertyValueSpecification\",\"valueRequired\":true,\"valueName\":\"search_term_string\"}}],\"inLanguage\":\"pt-BR\"},{\"@type\":\"Organization\",\"@id\":\"https:\\\/\\\/cdvr.com.br\\\/matsuri\\\/#organization\",\"name\":\"Matsuri\",\"url\":\"https:\\\/\\\/cdvr.com.br\\\/matsuri\\\/\",\"logo\":{\"@type\":\"ImageObject\",\"inLanguage\":\"pt-BR\",\"@id\":\"https:\\\/\\\/cdvr.com.br\\\/matsuri\\\/#\\\/schema\\\/logo\\\/image\\\/\",\"url\":\"https:\\\/\\\/cdvr.com.br\\\/matsuri\\\/wp-content\\\/uploads\\\/2023\\\/02\\\/cropped-Logo-Matsuri-2-1-1.png\",\"contentUrl\":\"https:\\\/\\\/cdvr.com.br\\\/matsuri\\\/wp-content\\\/uploads\\\/2023\\\/02\\\/cropped-Logo-Matsuri-2-1-1.png\",\"width\":195,\"height\":60,\"caption\":\"Matsuri\"},\"image\":{\"@id\":\"https:\\\/\\\/cdvr.com.br\\\/matsuri\\\/#\\\/schema\\\/logo\\\/image\\\/\"},\"sameAs\":[\"https:\\\/\\\/www.facebook.com\\\/matsuri.tecnologia\\\/\"]}]}<\/script>\n<!-- \/ Yoast SEO plugin. -->","yoast_head_json":{"title":"Sobre n\u00f3s - Matsuri","robots":{"index":"index","follow":"follow","max-snippet":"max-snippet:-1","max-image-preview":"max-image-preview:large","max-video-preview":"max-video-preview:-1"},"canonical":"https:\/\/cdvr.com.br\/matsuri\/sobre-nos\/","og_locale":"pt_BR","og_type":"article","og_title":"Sobre n\u00f3s - Matsuri","og_description":"&nbsp; Sobre a MATSURI Com mais de 20 anos de atua\u00e7\u00e3o no mercado, a MATSURI \u00e9 uma empresa s\u00f3lida e inovadora, reconhecida pela qualidade de seus produtos. Em 2018, com o objetivo de expandir nossa atua\u00e7\u00e3o e diversificar nosso portf\u00f3lio, criamos a marca NORTHEN. Essa transi\u00e7\u00e3o de branding foi essencial, uma vez que a marca [&hellip;]","og_url":"https:\/\/cdvr.com.br\/matsuri\/sobre-nos\/","og_site_name":"Matsuri","article_publisher":"https:\/\/www.facebook.com\/matsuri.tecnologia\/","article_modified_time":"2025-04-03T03:31:21+00:00","twitter_card":"summary_large_image","twitter_misc":{"Est. tempo de leitura":"2 minutos"},"schema":{"@context":"https:\/\/schema.org","@graph":[{"@type":"WebPage","@id":"https:\/\/cdvr.com.br\/matsuri\/sobre-nos\/","url":"https:\/\/cdvr.com.br\/matsuri\/sobre-nos\/","name":"Sobre n\u00f3s - Matsuri","isPartOf":{"@id":"https:\/\/cdvr.com.br\/matsuri\/#website"},"datePublished":"2021-08-03T00:17:05+00:00","dateModified":"2025-04-03T03:31:21+00:00","breadcrumb":{"@id":"https:\/\/cdvr.com.br\/matsuri\/sobre-nos\/#breadcrumb"},"inLanguage":"pt-BR","potentialAction":[{"@type":"ReadAction","target":["https:\/\/cdvr.com.br\/matsuri\/sobre-nos\/"]}]},{"@type":"BreadcrumbList","@id":"https:\/\/cdvr.com.br\/matsuri\/sobre-nos\/#breadcrumb","itemListElement":[{"@type":"ListItem","position":1,"name":"Home","item":"https:\/\/cdvr.com.br\/matsuri\/"},{"@type":"ListItem","position":2,"name":"Sobre n\u00f3s"}]},{"@type":"WebSite","@id":"https:\/\/cdvr.com.br\/matsuri\/#website","url":"https:\/\/cdvr.com.br\/matsuri\/","name":"Matsuri","description":"Tecnologia Japonesa","publisher":{"@id":"https:\/\/cdvr.com.br\/matsuri\/#organization"},"potentialAction":[{"@type":"SearchAction","target":{"@type":"EntryPoint","urlTemplate":"https:\/\/cdvr.com.br\/matsuri\/?s={search_term_string}"},"query-input":{"@type":"PropertyValueSpecification","valueRequired":true,"valueName":"search_term_string"}}],"inLanguage":"pt-BR"},{"@type":"Organization","@id":"https:\/\/cdvr.com.br\/matsuri\/#organization","name":"Matsuri","url":"https:\/\/cdvr.com.br\/matsuri\/","logo":{"@type":"ImageObject","inLanguage":"pt-BR","@id":"https:\/\/cdvr.com.br\/matsuri\/#\/schema\/logo\/image\/","url":"https:\/\/cdvr.com.br\/matsuri\/wp-content\/uploads\/2023\/02\/cropped-Logo-Matsuri-2-1-1.png","contentUrl":"https:\/\/cdvr.com.br\/matsuri\/wp-content\/uploads\/2023\/02\/cropped-Logo-Matsuri-2-1-1.png","width":195,"height":60,"caption":"Matsuri"},"image":{"@id":"https:\/\/cdvr.com.br\/matsuri\/#\/schema\/logo\/image\/"},"sameAs":["https:\/\/www.facebook.com\/matsuri.tecnologia\/"]}]}},"_links":{"self":[{"href":"https:\/\/cdvr.com.br\/matsuri\/wp-json\/wp\/v2\/pages\/13","targetHints":{"allow":["GET"]}}],"collection":[{"href":"https:\/\/cdvr.com.br\/matsuri\/wp-json\/wp\/v2\/pages"}],"about":[{"href":"https:\/\/cdvr.com.br\/matsuri\/wp-json\/wp\/v2\/types\/page"}],"author":[{"embeddable":true,"href":"https:\/\/cdvr.com.br\/matsuri\/wp-json\/wp\/v2\/users\/1"}],"replies":[{"embeddable":true,"href":"https:\/\/cdvr.com.br\/matsuri\/wp-json\/wp\/v2\/comments?post=13"}],"version-history":[{"count":67,"href":"https:\/\/cdvr.com.br\/matsuri\/wp-json\/wp\/v2\/pages\/13\/revisions"}],"predecessor-version":[{"id":1081,"href":"https:\/\/cdvr.com.br\/matsuri\/wp-json\/wp\/v2\/pages\/13\/revisions\/1081"}],"wp:attachment":[{"href":"https:\/\/cdvr.com.br\/matsuri\/wp-json\/wp\/v2\/media?parent=13"}],"curies":[{"name":"wp","href":"https:\/\/api.w.org\/{rel}","templated":true}]}}