{"id":1449,"date":"2025-08-20T11:08:52","date_gmt":"2025-08-20T14:08:52","guid":{"rendered":"https:\/\/cdvr.com.br\/matsuri\/?page_id=1449"},"modified":"2025-08-20T15:33:31","modified_gmt":"2025-08-20T18:33:31","slug":"espaco-representante","status":"publish","type":"page","link":"https:\/\/cdvr.com.br\/matsuri\/espaco-representante\/","title":{"rendered":"Espa\u00e7o Representante"},"content":{"rendered":"<p><img fetchpriority=\"high\" decoding=\"async\" class=\"aligncenter  wp-image-1472\" src=\"https:\/\/cdvr.com.br\/matsuri\/wp-content\/uploads\/2025\/08\/nascote_matsuri_04.png\" alt=\"\" width=\"209\" height=\"286\" srcset=\"https:\/\/cdvr.com.br\/matsuri\/wp-content\/uploads\/2025\/08\/nascote_matsuri_04.png 856w, https:\/\/cdvr.com.br\/matsuri\/wp-content\/uploads\/2025\/08\/nascote_matsuri_04-219x300.png 219w, https:\/\/cdvr.com.br\/matsuri\/wp-content\/uploads\/2025\/08\/nascote_matsuri_04-774x1060.png 774w, https:\/\/cdvr.com.br\/matsuri\/wp-content\/uploads\/2025\/08\/nascote_matsuri_04-768x1052.png 768w\" sizes=\"(max-width: 209px) 100vw, 209px\" \/><\/p>\n<p><span style=\"font-family: arial, helvetica, sans-serif; font-size: 24px;\">Para facilitar o acesso as\u00a0<\/span><span style=\"font-family: arial, helvetica, sans-serif; font-size: 24px;\">Informa\u00e7\u00f5es\u00a0<\/span><span style=\"font-family: arial, helvetica, sans-serif; font-size: 24px;\">nos centralizamos aqui, <\/span><\/p>\n<p><span style=\"font-family: arial, helvetica, sans-serif; font-size: 24px;\">Voc\u00ea poder\u00e1 acessar ou baixar .<\/span><\/p>\n<p><span style=\"font-family: arial, helvetica, sans-serif;\">Neste arquivo voc\u00ea encontra um breve descritivo das bombas MATSURI, incluindo suas aplica\u00e7\u00f5es. para d\u00favidas t\u00e9cnicas, contate nosso suporte.<\/span><\/p>\n<p><span style=\"color: #3366ff; font-family: arial, helvetica, sans-serif;\"><a style=\"color: #3366ff;\" href=\"https:\/\/cdvr.com.br\/matsuri\/wp-content\/uploads\/2025\/08\/APLICACOES-1-2.pdf\"><strong><u>APLICA\u00c7\u00c3O DOS PRODUTOS<\/u><\/strong><\/a><\/span><\/p>\n<hr \/>\n<p><span style=\"font-family: arial, helvetica, sans-serif;\">Neste arquivo voc\u00ea ter\u00e1 um passo a passo da utiliza\u00e7\u00e3o do nosso sistema de envio de pedidos, nele tamb\u00e9m \u00e9 poss\u00edvel o controle dos contatos\/visitas e relacionamento com cada cliente.<\/span><\/p>\n<p><strong><span style=\"color: #3366ff; font-family: arial, helvetica, sans-serif;\"><a style=\"color: #3366ff;\" href=\"https:\/\/cdvr.com.br\/matsuri\/wp-content\/uploads\/2025\/07\/passo.pdf\">CRM PASSO A PASSO<\/a><\/span><\/strong><\/p>\n<hr \/>\n<p>Como eternos aprendizes, sempre podemos aprender (ou ensinar) mais, neste arquivo voc\u00ea tem acesso a algumas sistem\u00e1ticas que adotamos na<span style=\"font-family: arial, helvetica, sans-serif;\"> NORTHEN<\/span>.<\/p>\n<p><span style=\"color: #3366ff; font-family: arial, helvetica, sans-serif;\"><a style=\"color: #3366ff;\" href=\"https:\/\/cdvr.com.br\/matsuri\/wp-content\/uploads\/2022\/03\/Metodo-televendas-MATSURI-2203.pdf\"><strong>METEDO VENDAS &#8211; NORTHEN<\/strong><\/a><\/span><\/p>\n<hr \/>\n<p><span style=\"font-family: arial, helvetica, sans-serif;\">Arquivo em PDF do nosso cat\u00e1logo atualizado.<\/span><\/p>\n<p><strong><span style=\"font-family: arial, helvetica, sans-serif; color: #3366ff;\"><a style=\"color: #3366ff;\" href=\"https:\/\/cdvr.com.br\/matsuri\/wp-content\/uploads\/2025\/08\/CATALOGO_DE_PRODUTOS.pdf\">CATALOGO DE PRODUTOS<\/a><\/span><\/strong><\/p>\n<p><span style=\"font-family: arial, helvetica, sans-serif;\">Nosso objetivo \u00e9 apoiar voc\u00ea em cada etapa, oferecendo informa\u00e7\u00f5es claras, suporte t\u00e9cnico e ferramentas que facilitam seu trabalho.<\/span><\/p>\n","protected":false},"excerpt":{"rendered":"<p>Para facilitar o acesso as\u00a0Informa\u00e7\u00f5es\u00a0nos centralizamos aqui, Voc\u00ea poder\u00e1 acessar ou baixar . Neste arquivo voc\u00ea encontra um breve descritivo das bombas MATSURI, incluindo suas aplica\u00e7\u00f5es. para d\u00favidas t\u00e9cnicas, contate nosso suporte. APLICA\u00c7\u00c3O DOS PRODUTOS Neste arquivo voc\u00ea ter\u00e1 um passo a passo da utiliza\u00e7\u00e3o do nosso sistema de envio de pedidos, nele tamb\u00e9m \u00e9 [&hellip;]<\/p>\n","protected":false},"author":2,"featured_media":0,"parent":0,"menu_order":0,"comment_status":"closed","ping_status":"closed","template":"","meta":{"_joinchat":[],"footnotes":""},"class_list":["post-1449","page","type-page","status-publish","hentry"],"yoast_head":"<!-- This site is optimized with the Yoast SEO plugin v27.5 - https:\/\/yoast.com\/product\/yoast-seo-wordpress\/ -->\n<title>Espa\u00e7o Representante - Matsuri<\/title>\n<meta name=\"robots\" content=\"index, follow, max-snippet:-1, max-image-preview:large, max-video-preview:-1\" \/>\n<link rel=\"canonical\" href=\"https:\/\/cdvr.com.br\/matsuri\/espaco-representante\/\" \/>\n<meta property=\"og:locale\" content=\"pt_BR\" \/>\n<meta property=\"og:type\" content=\"article\" \/>\n<meta property=\"og:title\" content=\"Espa\u00e7o Representante - Matsuri\" \/>\n<meta property=\"og:description\" content=\"Para facilitar o acesso as\u00a0Informa\u00e7\u00f5es\u00a0nos centralizamos aqui, Voc\u00ea poder\u00e1 acessar ou baixar . Neste arquivo voc\u00ea encontra um breve descritivo das bombas MATSURI, incluindo suas aplica\u00e7\u00f5es. para d\u00favidas t\u00e9cnicas, contate nosso suporte. APLICA\u00c7\u00c3O DOS PRODUTOS Neste arquivo voc\u00ea ter\u00e1 um passo a passo da utiliza\u00e7\u00e3o do nosso sistema de envio de pedidos, nele tamb\u00e9m \u00e9 [&hellip;]\" \/>\n<meta property=\"og:url\" content=\"https:\/\/cdvr.com.br\/matsuri\/espaco-representante\/\" \/>\n<meta property=\"og:site_name\" content=\"Matsuri\" \/>\n<meta property=\"article:publisher\" content=\"https:\/\/www.facebook.com\/matsuri.tecnologia\/\" \/>\n<meta property=\"article:modified_time\" content=\"2025-08-20T18:33:31+00:00\" \/>\n<meta property=\"og:image\" content=\"https:\/\/cdvr.com.br\/matsuri\/wp-content\/uploads\/2025\/08\/nascote_matsuri_04.png\" \/>\n<meta name=\"twitter:card\" content=\"summary_large_image\" \/>\n<meta name=\"twitter:label1\" content=\"Est. tempo de leitura\" \/>\n\t<meta name=\"twitter:data1\" content=\"1 minuto\" \/>\n<script type=\"application\/ld+json\" class=\"yoast-schema-graph\">{\"@context\":\"https:\\\/\\\/schema.org\",\"@graph\":[{\"@type\":\"WebPage\",\"@id\":\"https:\\\/\\\/cdvr.com.br\\\/matsuri\\\/espaco-representante\\\/\",\"url\":\"https:\\\/\\\/cdvr.com.br\\\/matsuri\\\/espaco-representante\\\/\",\"name\":\"Espa\u00e7o Representante - Matsuri\",\"isPartOf\":{\"@id\":\"https:\\\/\\\/cdvr.com.br\\\/matsuri\\\/#website\"},\"primaryImageOfPage\":{\"@id\":\"https:\\\/\\\/cdvr.com.br\\\/matsuri\\\/espaco-representante\\\/#primaryimage\"},\"image\":{\"@id\":\"https:\\\/\\\/cdvr.com.br\\\/matsuri\\\/espaco-representante\\\/#primaryimage\"},\"thumbnailUrl\":\"https:\\\/\\\/cdvr.com.br\\\/matsuri\\\/wp-content\\\/uploads\\\/2025\\\/08\\\/nascote_matsuri_04.png\",\"datePublished\":\"2025-08-20T14:08:52+00:00\",\"dateModified\":\"2025-08-20T18:33:31+00:00\",\"breadcrumb\":{\"@id\":\"https:\\\/\\\/cdvr.com.br\\\/matsuri\\\/espaco-representante\\\/#breadcrumb\"},\"inLanguage\":\"pt-BR\",\"potentialAction\":[{\"@type\":\"ReadAction\",\"target\":[\"https:\\\/\\\/cdvr.com.br\\\/matsuri\\\/espaco-representante\\\/\"]}]},{\"@type\":\"ImageObject\",\"inLanguage\":\"pt-BR\",\"@id\":\"https:\\\/\\\/cdvr.com.br\\\/matsuri\\\/espaco-representante\\\/#primaryimage\",\"url\":\"https:\\\/\\\/cdvr.com.br\\\/matsuri\\\/wp-content\\\/uploads\\\/2025\\\/08\\\/nascote_matsuri_04.png\",\"contentUrl\":\"https:\\\/\\\/cdvr.com.br\\\/matsuri\\\/wp-content\\\/uploads\\\/2025\\\/08\\\/nascote_matsuri_04.png\",\"width\":856,\"height\":1172},{\"@type\":\"BreadcrumbList\",\"@id\":\"https:\\\/\\\/cdvr.com.br\\\/matsuri\\\/espaco-representante\\\/#breadcrumb\",\"itemListElement\":[{\"@type\":\"ListItem\",\"position\":1,\"name\":\"Home\",\"item\":\"https:\\\/\\\/cdvr.com.br\\\/matsuri\\\/\"},{\"@type\":\"ListItem\",\"position\":2,\"name\":\"Espa\u00e7o Representante\"}]},{\"@type\":\"WebSite\",\"@id\":\"https:\\\/\\\/cdvr.com.br\\\/matsuri\\\/#website\",\"url\":\"https:\\\/\\\/cdvr.com.br\\\/matsuri\\\/\",\"name\":\"Matsuri\",\"description\":\"Tecnologia Japonesa\",\"publisher\":{\"@id\":\"https:\\\/\\\/cdvr.com.br\\\/matsuri\\\/#organization\"},\"potentialAction\":[{\"@type\":\"SearchAction\",\"target\":{\"@type\":\"EntryPoint\",\"urlTemplate\":\"https:\\\/\\\/cdvr.com.br\\\/matsuri\\\/?s={search_term_string}\"},\"query-input\":{\"@type\":\"PropertyValueSpecification\",\"valueRequired\":true,\"valueName\":\"search_term_string\"}}],\"inLanguage\":\"pt-BR\"},{\"@type\":\"Organization\",\"@id\":\"https:\\\/\\\/cdvr.com.br\\\/matsuri\\\/#organization\",\"name\":\"Matsuri\",\"url\":\"https:\\\/\\\/cdvr.com.br\\\/matsuri\\\/\",\"logo\":{\"@type\":\"ImageObject\",\"inLanguage\":\"pt-BR\",\"@id\":\"https:\\\/\\\/cdvr.com.br\\\/matsuri\\\/#\\\/schema\\\/logo\\\/image\\\/\",\"url\":\"https:\\\/\\\/cdvr.com.br\\\/matsuri\\\/wp-content\\\/uploads\\\/2023\\\/02\\\/cropped-Logo-Matsuri-2-1-1.png\",\"contentUrl\":\"https:\\\/\\\/cdvr.com.br\\\/matsuri\\\/wp-content\\\/uploads\\\/2023\\\/02\\\/cropped-Logo-Matsuri-2-1-1.png\",\"width\":195,\"height\":60,\"caption\":\"Matsuri\"},\"image\":{\"@id\":\"https:\\\/\\\/cdvr.com.br\\\/matsuri\\\/#\\\/schema\\\/logo\\\/image\\\/\"},\"sameAs\":[\"https:\\\/\\\/www.facebook.com\\\/matsuri.tecnologia\\\/\"]}]}<\/script>\n<!-- \/ Yoast SEO plugin. -->","yoast_head_json":{"title":"Espa\u00e7o Representante - Matsuri","robots":{"index":"index","follow":"follow","max-snippet":"max-snippet:-1","max-image-preview":"max-image-preview:large","max-video-preview":"max-video-preview:-1"},"canonical":"https:\/\/cdvr.com.br\/matsuri\/espaco-representante\/","og_locale":"pt_BR","og_type":"article","og_title":"Espa\u00e7o Representante - Matsuri","og_description":"Para facilitar o acesso as\u00a0Informa\u00e7\u00f5es\u00a0nos centralizamos aqui, Voc\u00ea poder\u00e1 acessar ou baixar . Neste arquivo voc\u00ea encontra um breve descritivo das bombas MATSURI, incluindo suas aplica\u00e7\u00f5es. para d\u00favidas t\u00e9cnicas, contate nosso suporte. APLICA\u00c7\u00c3O DOS PRODUTOS Neste arquivo voc\u00ea ter\u00e1 um passo a passo da utiliza\u00e7\u00e3o do nosso sistema de envio de pedidos, nele tamb\u00e9m \u00e9 [&hellip;]","og_url":"https:\/\/cdvr.com.br\/matsuri\/espaco-representante\/","og_site_name":"Matsuri","article_publisher":"https:\/\/www.facebook.com\/matsuri.tecnologia\/","article_modified_time":"2025-08-20T18:33:31+00:00","og_image":[{"url":"https:\/\/cdvr.com.br\/matsuri\/wp-content\/uploads\/2025\/08\/nascote_matsuri_04.png","type":"","width":"","height":""}],"twitter_card":"summary_large_image","twitter_misc":{"Est. tempo de leitura":"1 minuto"},"schema":{"@context":"https:\/\/schema.org","@graph":[{"@type":"WebPage","@id":"https:\/\/cdvr.com.br\/matsuri\/espaco-representante\/","url":"https:\/\/cdvr.com.br\/matsuri\/espaco-representante\/","name":"Espa\u00e7o Representante - Matsuri","isPartOf":{"@id":"https:\/\/cdvr.com.br\/matsuri\/#website"},"primaryImageOfPage":{"@id":"https:\/\/cdvr.com.br\/matsuri\/espaco-representante\/#primaryimage"},"image":{"@id":"https:\/\/cdvr.com.br\/matsuri\/espaco-representante\/#primaryimage"},"thumbnailUrl":"https:\/\/cdvr.com.br\/matsuri\/wp-content\/uploads\/2025\/08\/nascote_matsuri_04.png","datePublished":"2025-08-20T14:08:52+00:00","dateModified":"2025-08-20T18:33:31+00:00","breadcrumb":{"@id":"https:\/\/cdvr.com.br\/matsuri\/espaco-representante\/#breadcrumb"},"inLanguage":"pt-BR","potentialAction":[{"@type":"ReadAction","target":["https:\/\/cdvr.com.br\/matsuri\/espaco-representante\/"]}]},{"@type":"ImageObject","inLanguage":"pt-BR","@id":"https:\/\/cdvr.com.br\/matsuri\/espaco-representante\/#primaryimage","url":"https:\/\/cdvr.com.br\/matsuri\/wp-content\/uploads\/2025\/08\/nascote_matsuri_04.png","contentUrl":"https:\/\/cdvr.com.br\/matsuri\/wp-content\/uploads\/2025\/08\/nascote_matsuri_04.png","width":856,"height":1172},{"@type":"BreadcrumbList","@id":"https:\/\/cdvr.com.br\/matsuri\/espaco-representante\/#breadcrumb","itemListElement":[{"@type":"ListItem","position":1,"name":"Home","item":"https:\/\/cdvr.com.br\/matsuri\/"},{"@type":"ListItem","position":2,"name":"Espa\u00e7o Representante"}]},{"@type":"WebSite","@id":"https:\/\/cdvr.com.br\/matsuri\/#website","url":"https:\/\/cdvr.com.br\/matsuri\/","name":"Matsuri","description":"Tecnologia Japonesa","publisher":{"@id":"https:\/\/cdvr.com.br\/matsuri\/#organization"},"potentialAction":[{"@type":"SearchAction","target":{"@type":"EntryPoint","urlTemplate":"https:\/\/cdvr.com.br\/matsuri\/?s={search_term_string}"},"query-input":{"@type":"PropertyValueSpecification","valueRequired":true,"valueName":"search_term_string"}}],"inLanguage":"pt-BR"},{"@type":"Organization","@id":"https:\/\/cdvr.com.br\/matsuri\/#organization","name":"Matsuri","url":"https:\/\/cdvr.com.br\/matsuri\/","logo":{"@type":"ImageObject","inLanguage":"pt-BR","@id":"https:\/\/cdvr.com.br\/matsuri\/#\/schema\/logo\/image\/","url":"https:\/\/cdvr.com.br\/matsuri\/wp-content\/uploads\/2023\/02\/cropped-Logo-Matsuri-2-1-1.png","contentUrl":"https:\/\/cdvr.com.br\/matsuri\/wp-content\/uploads\/2023\/02\/cropped-Logo-Matsuri-2-1-1.png","width":195,"height":60,"caption":"Matsuri"},"image":{"@id":"https:\/\/cdvr.com.br\/matsuri\/#\/schema\/logo\/image\/"},"sameAs":["https:\/\/www.facebook.com\/matsuri.tecnologia\/"]}]}},"_links":{"self":[{"href":"https:\/\/cdvr.com.br\/matsuri\/wp-json\/wp\/v2\/pages\/1449","targetHints":{"allow":["GET"]}}],"collection":[{"href":"https:\/\/cdvr.com.br\/matsuri\/wp-json\/wp\/v2\/pages"}],"about":[{"href":"https:\/\/cdvr.com.br\/matsuri\/wp-json\/wp\/v2\/types\/page"}],"author":[{"embeddable":true,"href":"https:\/\/cdvr.com.br\/matsuri\/wp-json\/wp\/v2\/users\/2"}],"replies":[{"embeddable":true,"href":"https:\/\/cdvr.com.br\/matsuri\/wp-json\/wp\/v2\/comments?post=1449"}],"version-history":[{"count":14,"href":"https:\/\/cdvr.com.br\/matsuri\/wp-json\/wp\/v2\/pages\/1449\/revisions"}],"predecessor-version":[{"id":1477,"href":"https:\/\/cdvr.com.br\/matsuri\/wp-json\/wp\/v2\/pages\/1449\/revisions\/1477"}],"wp:attachment":[{"href":"https:\/\/cdvr.com.br\/matsuri\/wp-json\/wp\/v2\/media?parent=1449"}],"curies":[{"name":"wp","href":"https:\/\/api.w.org\/{rel}","templated":true}]}}