{"id":180,"date":"2021-08-13T13:13:31","date_gmt":"2021-08-13T16:13:31","guid":{"rendered":"https:\/\/cdvr.com.br\/matsuri\/?post_type=product&#038;p=180"},"modified":"2024-08-31T10:44:48","modified_gmt":"2024-08-31T13:44:48","slug":"mini_bomba_de_plastico","status":"publish","type":"product","link":"https:\/\/cdvr.com.br\/matsuri\/product\/mini_bomba_de_plastico\/","title":{"rendered":"19 mm 12V Pl\u00e1stico Mini Bomba de Transfer\u00eancia"},"content":{"rendered":"<p><span style=\"color: #000000;\">A <strong>19 mm 12V Pl\u00e1stico Mini Bomba de Transfer\u00eancia<\/strong> \u00e9 usada para abastecimento ou transfer\u00eancia de \u00e1gua\/diesel\/\u00f3leo em reservat\u00f3rios. Utilizada em barcos, sistemas de energia solar e etc.<\/span><\/p>\n<p><span style=\"color: #000000;\">&#8211; N\u00e3o inclui mangueiras.<br \/>\n&#8211; Proibido utilizar em \u00e1reas com circula\u00e7\u00e3o de g\u00e1s.<br \/>\n&#8211; N\u00e3o pode ser utilizada para transferir l\u00edquidos qu\u00edmicos.<br \/>\n&#8211; Possui tamb\u00e9m a de<strong><span style=\"color: #0000ff;\"> <a style=\"color: #0000ff;\" href=\"https:\/\/cdvr.com.br\/matsuri\/product\/mini-bomba-de-inox\/\">Inox<\/a><\/span><\/strong> e a de <strong><span style=\"color: #0000ff;\"><a style=\"color: #0000ff;\" href=\"https:\/\/cdvr.com.br\/matsuri\/product\/mini-bomba-de-aluminio\/\">Alum\u00ednio<\/a><\/span><\/strong>.<\/span><\/p>\n","protected":false},"excerpt":{"rendered":"<p>A 19 mm 12V Pl\u00e1stico Mini Bomba de Transfer\u00eancia \u00e9 usada para abastecimento ou transfer\u00eancia de \u00e1gua\/diesel\/\u00f3leo em reservat\u00f3rios. Utilizada em barcos, sistemas de energia solar e etc. &#8211; N\u00e3o inclui mangueiras. &#8211; Proibido utilizar em \u00e1reas com circula\u00e7\u00e3o de g\u00e1s. &#8211; N\u00e3o pode ser utilizada para transferir l\u00edquidos qu\u00edmicos. &#8211; Possui tamb\u00e9m a de [&hellip;]<\/p>\n","protected":false},"featured_media":1542,"comment_status":"closed","ping_status":"closed","template":"","meta":{"_joinchat":[]},"product_brand":[],"product_cat":[],"product_tag":[],"class_list":{"0":"post-180","1":"product","2":"type-product","3":"status-publish","4":"has-post-thumbnail","7":"first","8":"instock","9":"shipping-taxable","10":"product-type-simple"},"yoast_head":"<!-- This site is optimized with the Yoast SEO plugin v27.5 - https:\/\/yoast.com\/product\/yoast-seo-wordpress\/ -->\n<title>19 mm 12V Pl\u00e1stico Mini Bomba de Transfer\u00eancia - Matsuri<\/title>\n<meta name=\"description\" content=\"A 19 mm 12V Pl\u00e1stico Mini Bomba de Transfer\u00eancia \u00e9 utilizada para abastecimento ou transfer\u00eancia de \u00e1gua\/diesel\/\u00f3leo em reservat\u00f3rios.\" \/>\n<meta name=\"robots\" content=\"index, follow, max-snippet:-1, max-image-preview:large, max-video-preview:-1\" \/>\n<link rel=\"canonical\" href=\"https:\/\/cdvr.com.br\/matsuri\/product\/mini_bomba_de_plastico\/\" \/>\n<meta property=\"og:locale\" content=\"pt_BR\" \/>\n<meta property=\"og:type\" content=\"article\" \/>\n<meta property=\"og:title\" content=\"19 mm 12V Pl\u00e1stico Mini Bomba de Transfer\u00eancia - Matsuri\" \/>\n<meta property=\"og:description\" content=\"A 19 mm 12V Pl\u00e1stico Mini Bomba de Transfer\u00eancia \u00e9 utilizada para abastecimento ou transfer\u00eancia de \u00e1gua\/diesel\/\u00f3leo em reservat\u00f3rios.\" \/>\n<meta property=\"og:url\" content=\"https:\/\/cdvr.com.br\/matsuri\/product\/mini_bomba_de_plastico\/\" \/>\n<meta property=\"og:site_name\" content=\"Matsuri\" \/>\n<meta property=\"article:publisher\" content=\"https:\/\/www.facebook.com\/matsuri.tecnologia\/\" \/>\n<meta property=\"article:modified_time\" content=\"2024-08-31T13:44:48+00:00\" \/>\n<meta name=\"twitter:card\" content=\"summary_large_image\" \/>\n<meta name=\"twitter:label1\" content=\"Est. tempo de leitura\" \/>\n\t<meta name=\"twitter:data1\" content=\"1 minuto\" \/>\n<script type=\"application\/ld+json\" class=\"yoast-schema-graph\">{\"@context\":\"https:\\\/\\\/schema.org\",\"@graph\":[{\"@type\":\"WebPage\",\"@id\":\"https:\\\/\\\/cdvr.com.br\\\/matsuri\\\/product\\\/mini_bomba_de_plastico\\\/\",\"url\":\"https:\\\/\\\/cdvr.com.br\\\/matsuri\\\/product\\\/mini_bomba_de_plastico\\\/\",\"name\":\"19 mm 12V Pl\u00e1stico Mini Bomba de Transfer\u00eancia - Matsuri\",\"isPartOf\":{\"@id\":\"https:\\\/\\\/cdvr.com.br\\\/matsuri\\\/#website\"},\"primaryImageOfPage\":{\"@id\":\"https:\\\/\\\/cdvr.com.br\\\/matsuri\\\/product\\\/mini_bomba_de_plastico\\\/#primaryimage\"},\"image\":{\"@id\":\"https:\\\/\\\/cdvr.com.br\\\/matsuri\\\/product\\\/mini_bomba_de_plastico\\\/#primaryimage\"},\"thumbnailUrl\":\"https:\\\/\\\/cdvr.com.br\\\/matsuri\\\/wp-content\\\/uploads\\\/matsuri-produtos\\\/bomba-pressurizadora.jpg\",\"datePublished\":\"2021-08-13T16:13:31+00:00\",\"dateModified\":\"2024-08-31T13:44:48+00:00\",\"description\":\"A 19 mm 12V Pl\u00e1stico Mini Bomba de Transfer\u00eancia \u00e9 utilizada para abastecimento ou transfer\u00eancia de \u00e1gua\\\/diesel\\\/\u00f3leo em reservat\u00f3rios.\",\"breadcrumb\":{\"@id\":\"https:\\\/\\\/cdvr.com.br\\\/matsuri\\\/product\\\/mini_bomba_de_plastico\\\/#breadcrumb\"},\"inLanguage\":\"pt-BR\",\"potentialAction\":[{\"@type\":\"ReadAction\",\"target\":[\"https:\\\/\\\/cdvr.com.br\\\/matsuri\\\/product\\\/mini_bomba_de_plastico\\\/\"]}]},{\"@type\":\"ImageObject\",\"inLanguage\":\"pt-BR\",\"@id\":\"https:\\\/\\\/cdvr.com.br\\\/matsuri\\\/product\\\/mini_bomba_de_plastico\\\/#primaryimage\",\"url\":\"https:\\\/\\\/cdvr.com.br\\\/matsuri\\\/wp-content\\\/uploads\\\/matsuri-produtos\\\/bomba-pressurizadora.jpg\",\"contentUrl\":\"https:\\\/\\\/cdvr.com.br\\\/matsuri\\\/wp-content\\\/uploads\\\/matsuri-produtos\\\/bomba-pressurizadora.jpg\",\"width\":599,\"height\":431},{\"@type\":\"BreadcrumbList\",\"@id\":\"https:\\\/\\\/cdvr.com.br\\\/matsuri\\\/product\\\/mini_bomba_de_plastico\\\/#breadcrumb\",\"itemListElement\":[{\"@type\":\"ListItem\",\"position\":1,\"name\":\"Home\",\"item\":\"https:\\\/\\\/cdvr.com.br\\\/matsuri\\\/\"},{\"@type\":\"ListItem\",\"position\":2,\"name\":\"Produtos\",\"item\":\"https:\\\/\\\/cdvr.com.br\\\/matsuri\\\/produtos\\\/\"},{\"@type\":\"ListItem\",\"position\":3,\"name\":\"19 mm 12V Pl\u00e1stico Mini Bomba de Transfer\u00eancia\"}]},{\"@type\":\"WebSite\",\"@id\":\"https:\\\/\\\/cdvr.com.br\\\/matsuri\\\/#website\",\"url\":\"https:\\\/\\\/cdvr.com.br\\\/matsuri\\\/\",\"name\":\"Matsuri\",\"description\":\"Tecnologia Japonesa\",\"publisher\":{\"@id\":\"https:\\\/\\\/cdvr.com.br\\\/matsuri\\\/#organization\"},\"potentialAction\":[{\"@type\":\"SearchAction\",\"target\":{\"@type\":\"EntryPoint\",\"urlTemplate\":\"https:\\\/\\\/cdvr.com.br\\\/matsuri\\\/?s={search_term_string}\"},\"query-input\":{\"@type\":\"PropertyValueSpecification\",\"valueRequired\":true,\"valueName\":\"search_term_string\"}}],\"inLanguage\":\"pt-BR\"},{\"@type\":\"Organization\",\"@id\":\"https:\\\/\\\/cdvr.com.br\\\/matsuri\\\/#organization\",\"name\":\"Matsuri\",\"url\":\"https:\\\/\\\/cdvr.com.br\\\/matsuri\\\/\",\"logo\":{\"@type\":\"ImageObject\",\"inLanguage\":\"pt-BR\",\"@id\":\"https:\\\/\\\/cdvr.com.br\\\/matsuri\\\/#\\\/schema\\\/logo\\\/image\\\/\",\"url\":\"https:\\\/\\\/cdvr.com.br\\\/matsuri\\\/wp-content\\\/uploads\\\/2023\\\/02\\\/cropped-Logo-Matsuri-2-1-1.png\",\"contentUrl\":\"https:\\\/\\\/cdvr.com.br\\\/matsuri\\\/wp-content\\\/uploads\\\/2023\\\/02\\\/cropped-Logo-Matsuri-2-1-1.png\",\"width\":195,\"height\":60,\"caption\":\"Matsuri\"},\"image\":{\"@id\":\"https:\\\/\\\/cdvr.com.br\\\/matsuri\\\/#\\\/schema\\\/logo\\\/image\\\/\"},\"sameAs\":[\"https:\\\/\\\/www.facebook.com\\\/matsuri.tecnologia\\\/\"]}]}<\/script>\n<!-- \/ Yoast SEO plugin. -->","yoast_head_json":{"title":"19 mm 12V Pl\u00e1stico Mini Bomba de Transfer\u00eancia - Matsuri","description":"A 19 mm 12V Pl\u00e1stico Mini Bomba de Transfer\u00eancia \u00e9 utilizada para abastecimento ou transfer\u00eancia de \u00e1gua\/diesel\/\u00f3leo em reservat\u00f3rios.","robots":{"index":"index","follow":"follow","max-snippet":"max-snippet:-1","max-image-preview":"max-image-preview:large","max-video-preview":"max-video-preview:-1"},"canonical":"https:\/\/cdvr.com.br\/matsuri\/product\/mini_bomba_de_plastico\/","og_locale":"pt_BR","og_type":"article","og_title":"19 mm 12V Pl\u00e1stico Mini Bomba de Transfer\u00eancia - Matsuri","og_description":"A 19 mm 12V Pl\u00e1stico Mini Bomba de Transfer\u00eancia \u00e9 utilizada para abastecimento ou transfer\u00eancia de \u00e1gua\/diesel\/\u00f3leo em reservat\u00f3rios.","og_url":"https:\/\/cdvr.com.br\/matsuri\/product\/mini_bomba_de_plastico\/","og_site_name":"Matsuri","article_publisher":"https:\/\/www.facebook.com\/matsuri.tecnologia\/","article_modified_time":"2024-08-31T13:44:48+00:00","twitter_card":"summary_large_image","twitter_misc":{"Est. tempo de leitura":"1 minuto"},"schema":{"@context":"https:\/\/schema.org","@graph":[{"@type":"WebPage","@id":"https:\/\/cdvr.com.br\/matsuri\/product\/mini_bomba_de_plastico\/","url":"https:\/\/cdvr.com.br\/matsuri\/product\/mini_bomba_de_plastico\/","name":"19 mm 12V Pl\u00e1stico Mini Bomba de Transfer\u00eancia - Matsuri","isPartOf":{"@id":"https:\/\/cdvr.com.br\/matsuri\/#website"},"primaryImageOfPage":{"@id":"https:\/\/cdvr.com.br\/matsuri\/product\/mini_bomba_de_plastico\/#primaryimage"},"image":{"@id":"https:\/\/cdvr.com.br\/matsuri\/product\/mini_bomba_de_plastico\/#primaryimage"},"thumbnailUrl":"https:\/\/cdvr.com.br\/matsuri\/wp-content\/uploads\/matsuri-produtos\/bomba-pressurizadora.jpg","datePublished":"2021-08-13T16:13:31+00:00","dateModified":"2024-08-31T13:44:48+00:00","description":"A 19 mm 12V Pl\u00e1stico Mini Bomba de Transfer\u00eancia \u00e9 utilizada para abastecimento ou transfer\u00eancia de \u00e1gua\/diesel\/\u00f3leo em reservat\u00f3rios.","breadcrumb":{"@id":"https:\/\/cdvr.com.br\/matsuri\/product\/mini_bomba_de_plastico\/#breadcrumb"},"inLanguage":"pt-BR","potentialAction":[{"@type":"ReadAction","target":["https:\/\/cdvr.com.br\/matsuri\/product\/mini_bomba_de_plastico\/"]}]},{"@type":"ImageObject","inLanguage":"pt-BR","@id":"https:\/\/cdvr.com.br\/matsuri\/product\/mini_bomba_de_plastico\/#primaryimage","url":"https:\/\/cdvr.com.br\/matsuri\/wp-content\/uploads\/matsuri-produtos\/bomba-pressurizadora.jpg","contentUrl":"https:\/\/cdvr.com.br\/matsuri\/wp-content\/uploads\/matsuri-produtos\/bomba-pressurizadora.jpg","width":599,"height":431},{"@type":"BreadcrumbList","@id":"https:\/\/cdvr.com.br\/matsuri\/product\/mini_bomba_de_plastico\/#breadcrumb","itemListElement":[{"@type":"ListItem","position":1,"name":"Home","item":"https:\/\/cdvr.com.br\/matsuri\/"},{"@type":"ListItem","position":2,"name":"Produtos","item":"https:\/\/cdvr.com.br\/matsuri\/produtos\/"},{"@type":"ListItem","position":3,"name":"19 mm 12V Pl\u00e1stico Mini Bomba de Transfer\u00eancia"}]},{"@type":"WebSite","@id":"https:\/\/cdvr.com.br\/matsuri\/#website","url":"https:\/\/cdvr.com.br\/matsuri\/","name":"Matsuri","description":"Tecnologia Japonesa","publisher":{"@id":"https:\/\/cdvr.com.br\/matsuri\/#organization"},"potentialAction":[{"@type":"SearchAction","target":{"@type":"EntryPoint","urlTemplate":"https:\/\/cdvr.com.br\/matsuri\/?s={search_term_string}"},"query-input":{"@type":"PropertyValueSpecification","valueRequired":true,"valueName":"search_term_string"}}],"inLanguage":"pt-BR"},{"@type":"Organization","@id":"https:\/\/cdvr.com.br\/matsuri\/#organization","name":"Matsuri","url":"https:\/\/cdvr.com.br\/matsuri\/","logo":{"@type":"ImageObject","inLanguage":"pt-BR","@id":"https:\/\/cdvr.com.br\/matsuri\/#\/schema\/logo\/image\/","url":"https:\/\/cdvr.com.br\/matsuri\/wp-content\/uploads\/2023\/02\/cropped-Logo-Matsuri-2-1-1.png","contentUrl":"https:\/\/cdvr.com.br\/matsuri\/wp-content\/uploads\/2023\/02\/cropped-Logo-Matsuri-2-1-1.png","width":195,"height":60,"caption":"Matsuri"},"image":{"@id":"https:\/\/cdvr.com.br\/matsuri\/#\/schema\/logo\/image\/"},"sameAs":["https:\/\/www.facebook.com\/matsuri.tecnologia\/"]}]}},"_links":{"self":[{"href":"https:\/\/cdvr.com.br\/matsuri\/wp-json\/wp\/v2\/product\/180","targetHints":{"allow":["GET"]}}],"collection":[{"href":"https:\/\/cdvr.com.br\/matsuri\/wp-json\/wp\/v2\/product"}],"about":[{"href":"https:\/\/cdvr.com.br\/matsuri\/wp-json\/wp\/v2\/types\/product"}],"replies":[{"embeddable":true,"href":"https:\/\/cdvr.com.br\/matsuri\/wp-json\/wp\/v2\/comments?post=180"}],"wp:featuredmedia":[{"embeddable":true,"href":"https:\/\/cdvr.com.br\/matsuri\/wp-json\/wp\/v2\/media\/1542"}],"wp:attachment":[{"href":"https:\/\/cdvr.com.br\/matsuri\/wp-json\/wp\/v2\/media?parent=180"}],"wp:term":[{"taxonomy":"product_brand","embeddable":true,"href":"https:\/\/cdvr.com.br\/matsuri\/wp-json\/wp\/v2\/product_brand?post=180"},{"taxonomy":"product_cat","embeddable":true,"href":"https:\/\/cdvr.com.br\/matsuri\/wp-json\/wp\/v2\/product_cat?post=180"},{"taxonomy":"product_tag","embeddable":true,"href":"https:\/\/cdvr.com.br\/matsuri\/wp-json\/wp\/v2\/product_tag?post=180"}],"curies":[{"name":"wp","href":"https:\/\/api.w.org\/{rel}","templated":true}]}}